{"id":3,"date":"2023-10-30T10:15:06","date_gmt":"2023-10-30T09:15:06","guid":{"rendered":"https:\/\/bomlo.fhs.no\/old\/?page_id=3"},"modified":"2023-11-03T10:55:04","modified_gmt":"2023-11-03T09:55:04","slug":"personvernerklaering","status":"publish","type":"page","link":"https:\/\/bomlo.fhs.no\/old\/personvernerklaering\/","title":{"rendered":"Personvernerkl\u00e6ring"},"content":{"rendered":"\n<h2 class=\"wp-block-heading\">Personvern<\/h2>\n\n\n\n<h3 class=\"wp-block-heading\">Behandlingsansvarlig&nbsp;&nbsp;&nbsp;&nbsp;&nbsp;&nbsp;&nbsp;&nbsp;&nbsp;&nbsp;&nbsp;&nbsp;&nbsp;&nbsp;&nbsp;&nbsp;&nbsp;&nbsp;&nbsp;&nbsp;&nbsp;&nbsp;&nbsp;&nbsp;&nbsp;&nbsp;&nbsp;&nbsp;&nbsp;&nbsp;&nbsp;&nbsp;&nbsp;&nbsp;&nbsp;&nbsp;&nbsp;&nbsp;&nbsp;&nbsp;&nbsp;&nbsp;&nbsp;&nbsp;&nbsp;&nbsp;&nbsp;&nbsp;&nbsp;&nbsp;&nbsp;&nbsp;&nbsp;&nbsp;&nbsp;&nbsp;&nbsp;&nbsp;&nbsp;&nbsp;&nbsp;&nbsp;&nbsp;&nbsp;&nbsp;&nbsp;&nbsp;&nbsp;&nbsp;&nbsp;&nbsp;&nbsp;&nbsp;&nbsp;&nbsp;&nbsp;&nbsp;&nbsp;&nbsp;&nbsp;&nbsp;&nbsp;&nbsp;&nbsp;&nbsp;&nbsp;&nbsp;&nbsp;<\/h3>\n\n\n\n<p>Rektor er p\u00e5 vegne av B\u00f8mlo Folkeh\u00f8gskule behandlingsansvarlig for selskapets behandling av personopplysninger.<\/p>\n\n\n\n<h3 class=\"wp-block-heading\">Personopplysninger som lagres<\/h3>\n\n\n\n<p>Vi lagrer f\u00f8lgende personopplysninger om v\u00e5re elever;<\/p>\n\n\n\n<p>Navn, adresse, telefonnummer, e\u2011postadresse, f\u00f8dselsnummer, kontonummer, statsborgerskap, kj\u00f8nn, linjevalg, opplysninger om frav\u00e6r og s\u00e6rskilte helseopplysninger.<\/p>\n\n\n\n<h3 class=\"wp-block-heading\">Form\u00e5l med behandlingen<\/h3>\n\n\n\n<p>Vi behandler opplysningene for \u00e5 kunne gjennomf\u00f8re v\u00e5re forpliktelser og gi undervisningstilbudet etter avtale med&nbsp;deg.<\/p>\n\n\n\n<p>Vi benytter ogs\u00e5 opplysningene for \u00e5 kunne gi deg informasjon i forbindelse med elevstevner og andre arrangementer som skolen har.<\/p>\n\n\n\n<h3 class=\"wp-block-heading\">Grunnlaget for behandlingen<\/h3>\n\n\n\n<p>Informasjon om Navn, adresse, telefonnummer, e\u2011postadresse, f\u00f8dselsnummer, kontonummer, statsborgerskap, kj\u00f8nn, linjevalg, opplysninger om frav\u00e6r og s\u00e6rskilte helseopplysninger benyttes for \u00e5 oppfylle avtalen om undervisning. Grunnlaget for denne behandlingen er personvernforordningens artikkel Art 6 (b).<\/p>\n\n\n\n<p>Der du har samtykket til det benyttes ogs\u00e5 opplysningene til \u00e5 gi deg informasjon p\u00e5 e\u2011post og SMS om elevstevner og andre arrangementer som skolen har. Grunnlaget for denne behandlingen er personvernforordningen Art 6 (a). Du kan n\u00e5r som helst takke nei til \u00e5 motta slik informasjon fra&nbsp;oss.<\/p>\n\n\n\n<h3 class=\"wp-block-heading\">Innhenting av personopplysninger<\/h3>\n\n\n\n<p>Vi lagrer de personopplysningene du har gitt p\u00e5 s\u00f8knadskjemaet p\u00e5 folkehogskole.no i forbindelse med din s\u00f8knad til skolen.<\/p>\n\n\n\n<p>Vi bruker informasjonskapsler\/cookies p\u00e5 v\u00e5re nettsider for \u00e5 gi deg som bes\u00f8ker siden best kundeopplevelse og service. Lov om elektronisk kommunikasjon krever at vi informerer v\u00e5re bes\u00f8kende om bruk av informasjonskapsler (cookies). Les mer om bruk av informasjonskapsler&nbsp;her.<\/p>\n\n\n\n<h3 class=\"wp-block-heading\">Utlevering av opplysninger til tredjeparter<\/h3>\n\n\n\n<p>Vi vil ikke dele, selge, overf\u00f8re eller p\u00e5 annen m\u00e5te utlevere personopplysninger til andre, med mindre vi er rettslig forpliktet til&nbsp;det.<\/p>\n\n\n\n<h3 class=\"wp-block-heading\">Sletting av personopplysninger<\/h3>\n\n\n\n<p>Opplysninger vi har mottatt i forbindelse med din s\u00f8knad lagres i v\u00e5rt aktive elevregister i 5 \u00e5r. Opplysninger om navn og \u00e5rstall for skole\u00e5ret slettes kun p\u00e5 foresp\u00f8rsel.<\/p>\n\n\n\n<p>Opplysninger vi etter bokf\u00f8ringsloven er forpliktet til \u00e5 bevare vil lagres i inntil 5 \u00e5r, i henhold til lovens krav.<\/p>\n\n\n\n<h3 class=\"wp-block-heading\">Rettigheter for den registrerte<\/h3>\n\n\n\n<p>Vi behandler dine personopplysninger i henhold til personopplysningsloven og gjeldende forskrifter. Det gj\u00f8res oppmerksom p\u00e5 at du kan kreve innsyn i og flytting av egne personopplysninger, samt kreve retting eller sletting av opplysninger. Det kan klages til Datatilsynet p\u00e5 behandling i strid med reglene.<\/p>\n\n\n\n<h3 class=\"wp-block-heading\">Informasjonssikkerhet<\/h3>\n\n\n\n<p>Vi sikrer dine personopplysninger ved b\u00e5de fysisk og virtuell adgangs- og tilgangskontroll, samt ved kryptering av sensitive deler av avgitte opplysninger.<\/p>\n\n\n\n<h2 class=\"wp-block-heading\">Informasjonskapsler<\/h2>\n\n\n\n<p>B\u00f8mlo FHS opererer <a href=\"https:\/\/bomlo.fhs.no\/old\/\">bomlo.fhs.no\/old<\/a>. Denne delen informerer deg om v\u00e5r bruk av informasjonskapsler.<\/p>\n\n\n\n<p>En informasjonskapsel (cookie) er en liten tekstfil som lastes ned og lagres p\u00e5 datamaskinen n\u00e5r brukeren \u00e5pner en nettside. Ved \u00e5 bruke <a href=\"https:\/\/bomlo.fhs.no\/old\">bomlo.fhs.no\/old<\/a> samtykker du til at vi kan sette informasjonskapsler i nettleseren&nbsp;din.<\/p>\n\n\n\n<p>De fleste nettsider i dag bruker informasjonskapsler for \u00e5 bedre brukeropplevelsen.<\/p>\n\n\n\n<h3 class=\"wp-block-heading\">Hvordan vi bruker informasjonskapsler<\/h3>\n\n\n\n<p>Vi bruker ulike informasjonskapsler til anonyme, statistiske analyser, prim\u00e6rt i Google sitt verkt\u00f8y for bes\u00f8ksstatistikk. Statistikk blir registrert anonymt, og kan ikke tilbakef\u00f8res til hver enkelt bruker.<\/p>\n\n\n\n<h3 class=\"wp-block-heading\">Adobe Fonts \/ webskrifter<\/h3>\n\n\n\n<p>Vi bruker en tjeneste fra Adobe for \u00e5 presentere skrifter\/fonter. Dette blir gjort uten at vi\/Adobe angir eller bruker informasjonskapsler for \u00e5 levere skriftene. <a href=\"https:\/\/www.adobe.com\/no\/privacy\/policies\/adobe-fonts.html\" target=\"_blank\" rel=\"noreferrer noopener\">Les mer her<\/a>.<\/p>\n\n\n\n<h2 class=\"wp-block-heading\">Kontaktinformasjon<\/h2>\n\n\n\n<p>Henvendelser om hvilke opplysninger som er registrert, retting og sletting kan sende skriftlig til f\u00f8lgende adresse:<\/p>\n\n\n\n<p>B\u00f8mlo Folkeh\u00f8gskule<br>Olavsplasset 11<br>5437 FINN\u00c5S<\/p>\n\n\n\n<p>post@bomlo.fhs.no\/old<\/p>\n","protected":false},"excerpt":{"rendered":"<p>Personvern Behandlingsansvarlig&nbsp;&nbsp;&nbsp;&nbsp;&nbsp;&nbsp;&nbsp;&nbsp;&nbsp;&nbsp;&nbsp;&nbsp;&nbsp;&nbsp;&nbsp;&nbsp;&nbsp;&nbsp;&nbsp;&nbsp;&nbsp;&nbsp;&nbsp;&nbsp;&nbsp;&nbsp;&nbsp;&nbsp;&nbsp;&nbsp;&nbsp;&nbsp;&nbsp;&nbsp;&nbsp;&nbsp;&nbsp;&nbsp;&nbsp;&nbsp;&nbsp;&nbsp;&nbsp;&nbsp;&nbsp;&nbsp;&nbsp;&nbsp;&nbsp;&nbsp;&nbsp;&nbsp;&nbsp;&nbsp;&nbsp;&nbsp;&nbsp;&nbsp;&nbsp;&nbsp;&nbsp;&nbsp;&nbsp;&nbsp;&nbsp;&nbsp;&nbsp;&nbsp;&nbsp;&nbsp;&nbsp;&nbsp;&nbsp;&nbsp;&nbsp;&nbsp;&nbsp;&nbsp;&nbsp;&nbsp;&nbsp;&nbsp;&nbsp;&nbsp;&nbsp;&nbsp;&nbsp;&nbsp; Rektor er p\u00e5 vegne av B\u00f8mlo Folkeh\u00f8gskule behandlingsansvarlig for selskapets behandling av personopplysninger. Personopplysninger som lagres Vi lagrer [&hellip;]<\/p>\n","protected":false},"author":1,"featured_media":0,"parent":0,"menu_order":0,"comment_status":"closed","ping_status":"open","template":"","meta":{"_acf_changed":false,"footnotes":""},"class_list":["post-3","page","type-page","status-publish","hentry"],"acf":[],"_links":{"self":[{"href":"https:\/\/bomlo.fhs.no\/old\/wp-json\/wp\/v2\/pages\/3","targetHints":{"allow":["GET"]}}],"collection":[{"href":"https:\/\/bomlo.fhs.no\/old\/wp-json\/wp\/v2\/pages"}],"about":[{"href":"https:\/\/bomlo.fhs.no\/old\/wp-json\/wp\/v2\/types\/page"}],"author":[{"embeddable":true,"href":"https:\/\/bomlo.fhs.no\/old\/wp-json\/wp\/v2\/users\/1"}],"replies":[{"embeddable":true,"href":"https:\/\/bomlo.fhs.no\/old\/wp-json\/wp\/v2\/comments?post=3"}],"version-history":[{"count":1,"href":"https:\/\/bomlo.fhs.no\/old\/wp-json\/wp\/v2\/pages\/3\/revisions"}],"predecessor-version":[{"id":279,"href":"https:\/\/bomlo.fhs.no\/old\/wp-json\/wp\/v2\/pages\/3\/revisions\/279"}],"wp:attachment":[{"href":"https:\/\/bomlo.fhs.no\/old\/wp-json\/wp\/v2\/media?parent=3"}],"curies":[{"name":"wp","href":"https:\/\/api.w.org\/{rel}","templated":true}]}}